{"id":95,"date":"2020-02-11T09:35:43","date_gmt":"2020-02-11T08:35:43","guid":{"rendered":"http:\/\/www.schillerschule-bittenfeld.de\/wordpress\/?page_id=95"},"modified":"2022-12-01T13:04:14","modified_gmt":"2022-12-01T12:04:14","slug":"impressum-2","status":"publish","type":"page","link":"https:\/\/schillerschule-bittenfeld.de\/wordpress\/impressum-2\/","title":{"rendered":"Impressum"},"content":{"rendered":"\n<p><\/p>\n\n\n\n<figure class=\"wp-block-table\"><table class=\"\"><tbody><tr><td>\n  &nbsp;\n  <\/td><td>\n  <strong>Schillerschule Bittenfeld<\/strong>\n  <\/td><\/tr><tr><td>\n  Schulleitung\n  <\/td><td>\n  Christian Knaupp<br>\n  Schulstr. 41<br>\n  71336 Waiblingen<br>\n  Telefon: 07151\/5001 4560<br>\n  Fax: 07151\/5001 4599\n  <\/td><\/tr><tr><td>\n  Verantwortlicher<br>\n  i.S.d.\u00a7 10 Abs.3 MDStV:\n  <\/td><td>\n  Christian Knaupp\n  <\/td><\/tr><\/tbody><\/table><\/figure>\n\n\n\n<p><strong><br>\nHaftungsausschluss, Disclaimer<\/strong><br>\n<br>\nDiese Website und ihr Inhalt werden &#8222;wie sie sind&#8220; ohne Haftung und\nGew\u00e4hr zur Verf\u00fcgung gestellt. Die Schillerschule Bittenfeld, noch ihre\nLieferanten sind f\u00fcr irgendwelche Sch\u00e4den (uneingeschr\u00e4nkt eingeschlossen sind\nSch\u00e4den aus entgangenem Gewinn, Betriebsunterbrechung, Verlust von\ngesch\u00e4ftlichen Informationen oder von Daten oder aus anderem finanziellen\nVerlust) ersatzpflichtig, die aufgrund der Benutzung dieser Web-Site (oder mit\nihr durch Links verbundenen Web-Sites) entstehen; selbst wenn die Schillerschule\nBittenfeld von der M\u00f6glichkeit eines solchen Schadens unterrichtet worden ist. <br>\n<br>\nDie Website der Schillerschule Bittenfeld enth\u00e4lt Links zu anderen Websites.\nDie Schillerschule Bittenfeld ist nicht verantwortlich f\u00fcr den Inhalt dieser\nWebsites oder f\u00fcr deren Einhaltung von Datenschutzbestimmungen.<strong>&nbsp;<br>\n<br>\nHinweis zur Problematik von externen Links<\/strong><br>\n<br>\nDie Schillerschule Bittenfeld ist als Inhaltsanbieter (Content Provider) nach\n\u00a75 Abs.1 des Teledienstgesetzes vom 22.07.1997 (TDG) f\u00fcr die eigenen Inhalte,\ndie sie zur Nutzung bereith\u00e4lt, nach den allgemeinen Gesetzen verantwortlich.\nVon diesen eigenen Inhalten sind Querverweise (&#8222;Links&#8220;) auf die von\nanderen Anbietern bereitgehaltenen Inhalte zu unterscheiden. Durch diesen\nQuerverweis h\u00e4lt die Schillerschule Bittenfeld &#8222;fremde Inhalte&#8220; zur\nNutzung bereit. F\u00fcr diese fremden Inhalte ist sie nur dann verantwortlich, wenn\nsie von ihnen (d.h. auch von einem rechtswidrigen bzw. strafbaren Inhalt)\npositive Kenntnis hat und es ihr technisch m\u00f6glich und zumutbar ist, deren\nNutzung zu verhindern (\u00a75 Abs.2 TDG).<br>\n<br>\nBei &#8222;Links&#8220; handelt es sich allerdings stets um &#8222;lebende&#8220;\n(dynamische) Verweisungen. Die Schillerschule Bittenfeld hat bei der\nerstmaligen Verkn\u00fcpfung zwar den fremden Inhalt daraufhin \u00fcberpr\u00fcft, ob durch\nihn eine m\u00f6gliche zivilrechtliche oder strafrechtliche Verantwortlichkeit\nausgel\u00f6st wird. Sie ist aber nach dem TDG nicht dazu verpflichtet, die Inhalte,\nauf die sie in ihrem Angebot verweist, st\u00e4ndig auf Ver\u00e4nderungen zu \u00fcberpr\u00fcfen,\ndie eine Verantwortlichkeit neu begr\u00fcnden k\u00f6nnten.<br>\n<br>\nErst wenn es feststellt oder von anderen darauf hingewiesen wird, dass ein\nkonkretes Angebot, zu dem es einen Link bereitgestellt hat, eine zivil- oder\nstrafrechtliche Verantwortlichkeit ausl\u00f6st, wird sie den Verweis auf dieses\nAngebot aufheben, soweit ihr dies technisch m\u00f6glich und zumutbar ist. Die\ntechnische M\u00f6glichkeit und Zumutbarkeit wird nicht dadurch beeinflusst, dass\nauch nach Unterbindung des Zugriffs von der Homepage der Schillerschule\nBittenfeld von anderen Servern aus auf das rechtswidrige oder strafbare Angebot\nzugegriffen werden kann.<\/p>\n","protected":false},"excerpt":{"rendered":"<p>&nbsp; Schillerschule Bittenfeld Schulleitung Christian Knaupp Schulstr. 41 71336 Waiblingen Telefon: 07151\/5001 4560 Fax: 07151\/5001 4599 Verantwortlicher i.S.d.\u00a7 10 Abs.3 MDStV: Christian Knaupp Haftungsausschluss, Disclaimer Diese Website und ihr Inhalt werden &#8222;wie sie sind&#8220; ohne Haftung und Gew\u00e4hr zur Verf\u00fcgung [&hellip;]<\/p>\n","protected":false},"author":1,"featured_media":0,"parent":0,"menu_order":0,"comment_status":"closed","ping_status":"closed","template":"","meta":{"footnotes":""},"class_list":["post-95","page","type-page","status-publish","hentry"],"_links":{"self":[{"href":"https:\/\/schillerschule-bittenfeld.de\/wordpress\/wp-json\/wp\/v2\/pages\/95","targetHints":{"allow":["GET"]}}],"collection":[{"href":"https:\/\/schillerschule-bittenfeld.de\/wordpress\/wp-json\/wp\/v2\/pages"}],"about":[{"href":"https:\/\/schillerschule-bittenfeld.de\/wordpress\/wp-json\/wp\/v2\/types\/page"}],"author":[{"embeddable":true,"href":"https:\/\/schillerschule-bittenfeld.de\/wordpress\/wp-json\/wp\/v2\/users\/1"}],"replies":[{"embeddable":true,"href":"https:\/\/schillerschule-bittenfeld.de\/wordpress\/wp-json\/wp\/v2\/comments?post=95"}],"version-history":[{"count":1,"href":"https:\/\/schillerschule-bittenfeld.de\/wordpress\/wp-json\/wp\/v2\/pages\/95\/revisions"}],"predecessor-version":[{"id":96,"href":"https:\/\/schillerschule-bittenfeld.de\/wordpress\/wp-json\/wp\/v2\/pages\/95\/revisions\/96"}],"wp:attachment":[{"href":"https:\/\/schillerschule-bittenfeld.de\/wordpress\/wp-json\/wp\/v2\/media?parent=95"}],"curies":[{"name":"wp","href":"https:\/\/api.w.org\/{rel}","templated":true}]}}