{"id":118,"date":"2020-02-11T11:11:01","date_gmt":"2020-02-11T10:11:01","guid":{"rendered":"http:\/\/www.schillerschule-bittenfeld.de\/wordpress\/?page_id=118"},"modified":"2025-02-05T13:46:20","modified_gmt":"2025-02-05T12:46:20","slug":"was-wir-unterstuetzt-haben","status":"publish","type":"page","link":"https:\/\/schillerschule-bittenfeld.de\/wordpress\/was-wir-unterstuetzt-haben\/","title":{"rendered":"Was wir bereits unterst\u00fctzt haben"},"content":{"rendered":"<p><!--StartFragment--><\/p>\n<p><!--EndFragment--><\/p>\n\n\n<p>&#8211; ergonomische Schulm\u00f6bel<br>&#8211; Schuhregale<br>&#8211; Anschaffung der Schuldruckerei<br>&#8211; Anschaffung von Schultrikots<br>&#8211; Zusch\u00fcsse f\u00fcr Schullandheimaufenthalte und Schulausfl\u00fcgen<br>&#8211; Kauf von Biertischgarnituren und Pavillon f\u00fcr Schulveranstaltungen<br>&#8211; Ausstattung der Kernzeitbetreuung<br>&#8211; B\u00fccher f\u00fcr die Schulb\u00fccherei<br>&#8211; Zirkus Projekt<br>&#8211; und vieles mehr&#8230;<\/p>\n\n\n<p><!--EndFragment--><\/p>","protected":false},"excerpt":{"rendered":"<p>&#8211; ergonomische Schulm\u00f6bel&#8211; Schuhregale&#8211; Anschaffung der Schuldruckerei&#8211; Anschaffung von Schultrikots&#8211; Zusch\u00fcsse f\u00fcr Schullandheimaufenthalte und Schulausfl\u00fcgen&#8211; Kauf von Biertischgarnituren und Pavillon f\u00fcr Schulveranstaltungen&#8211; Ausstattung der Kernzeitbetreuung&#8211; B\u00fccher f\u00fcr die Schulb\u00fccherei&#8211; Zirkus Projekt&#8211; und vieles mehr&#8230;<\/p>\n","protected":false},"author":1,"featured_media":0,"parent":0,"menu_order":0,"comment_status":"closed","ping_status":"closed","template":"","meta":{"footnotes":""},"class_list":["post-118","page","type-page","status-publish","hentry"],"_links":{"self":[{"href":"https:\/\/schillerschule-bittenfeld.de\/wordpress\/wp-json\/wp\/v2\/pages\/118","targetHints":{"allow":["GET"]}}],"collection":[{"href":"https:\/\/schillerschule-bittenfeld.de\/wordpress\/wp-json\/wp\/v2\/pages"}],"about":[{"href":"https:\/\/schillerschule-bittenfeld.de\/wordpress\/wp-json\/wp\/v2\/types\/page"}],"author":[{"embeddable":true,"href":"https:\/\/schillerschule-bittenfeld.de\/wordpress\/wp-json\/wp\/v2\/users\/1"}],"replies":[{"embeddable":true,"href":"https:\/\/schillerschule-bittenfeld.de\/wordpress\/wp-json\/wp\/v2\/comments?post=118"}],"version-history":[{"count":7,"href":"https:\/\/schillerschule-bittenfeld.de\/wordpress\/wp-json\/wp\/v2\/pages\/118\/revisions"}],"predecessor-version":[{"id":400,"href":"https:\/\/schillerschule-bittenfeld.de\/wordpress\/wp-json\/wp\/v2\/pages\/118\/revisions\/400"}],"wp:attachment":[{"href":"https:\/\/schillerschule-bittenfeld.de\/wordpress\/wp-json\/wp\/v2\/media?parent=118"}],"curies":[{"name":"wp","href":"https:\/\/api.w.org\/{rel}","templated":true}]}}